 + 4*s + 10 - 6. Let x(l) = -6*d(l) + n(l). Suppose 3*p + 2*c = -0*c + 5, -5*p + 5*c = 0. Calculate x(p).
9
Let s(t) = t - 21. Suppose -5*u = -79 - 11. Let f be s(u). Let b(p) = -p**2 - p - 4. Calculate b(f).
-10
Let h be (1*5)/(169/(-26) + 9). Let w(g) = g + 1. Calculate w(h).
3
Suppose 5*a - 8*a + 30 = 0. Let x be (5*-2)/(-1)*(-5)/a. Let i(p) = 2*p + 6. Determine i(x).
-4
Let p(b) = 23*b**3 + 2*b**2 - 1. Let d be p(1). Let h(r) = d + 4*r - 12 + 5*r - r**2. Determine h(10).
2
Let x(p) = -p**3 - 4*p**2 + 8. Let c be x(-4). Let b(w) = w**3 - 8*w**2 - 5. What is b(c)?
-5
Let z(y) be the third derivative of y**5/60 + 7*y**4/24 + 5*y**3/2 - 36*y**2 - y. Determine z(-4).
3
Let h(c) be the third derivative of -c**4/8 + c**3/6 + 13*c**2 + 4*c. Calculate h(10).
-29
Let o(h) = -11*h**3 - h**2 + 3*h + 3. Let a be o(-1). Let t(s) = s**3 - 10*s**2 - 7. Let m be t(a). Let y(k) = -k**3 - 8*k**2 - 4*k - 1. Give y(m).
-22
Let v(x) be the second derivative of 0 + 20*x + 1/2*x**2 - 7/12*x**4 - 1/3*x**3. Calculate v(1).
-8
Suppose 31 = 4*t + 3*x, 0 = 2*t - 0*t - 3*x + 7. Let g(k) = k**3 - 4*k**2 + 3*k - 5. Let b be g(t). Let i(o) = o**2 + 0*o - 4*o - b + 3*o. What is i(0)?
-7
Let c = -16 + 19. Suppose -c*s + 0*s + 3 = 0. Let j(o) be the first derivative of -5*o**4/2 + 2*o**3/3 - o**2/2 + 1. Give j(s).
-9
Let r(l) = -l**2 - l - 3. Suppose u - 387 = -5*z, u = -3*z + 4*u + 243. Let y = z + -81. What is r(y)?
-9
Let t be 14/10 - (-2)/(-5). Let y(v) = -6 + 5*v**3 - 12*v**3 + 7 - v. Calculate y(t).
-7
Let c(j) = -3*j**3 + 6*j**2 + 20*j - 6. Let d(i) = -i**3 + 2*i**2 + 7*i - 2. Let r(k) = -3*c(k) + 8*d(k). Determine r(3).
-1
Let j(c) = 6*c - 2. Let r be j(1). Let q(d) = 4 - 2*d + 1 + 0. Give q(r).
-3
Let y(u) = u. Let i be 2/(-4) + 2/4. Suppose -c - 2*l - 7 = -19, i = c - l. What is y(c)?
4
Let j(n) be the second derivative of 2*n**3/3 - 5*n**2/2 - 2*n + 6. What is j(5)?
15
Let k(x) = 974 - 491 - x - 492 + 0*x + 0*x. Calculate k(-7).
-2
Let b(u) = -8 + 29 - 6 - 8 + 10*u + u**2. Let s = 1 - 9. Calculate b(s).
-9
Suppose -3*c - 14 = j, -3*c = -2*j - 4*c - 18. Let q(k) = 7*k + 52. What is q(j)?
-4
Let o(a) = a**3 + 8*a**2 + 9*a + 3. Let m(d) = d**3 - 17*d**2 + 3*d + 22. Let f be m(17). Let u = 66 - f. Give o(u).
-11
Let l(z) = -9*z**2 - 6*z - 15. Let r(i) = 4*i**2 + 2*i + 7. Let a(d) = -3*l(d) - 7*r(d). Give a(3).
-1
Let z(g) be the first derivative of -5*g**2/2 - 2*g + 1. Let t(v) = 4*v - 43. Let w be t(10). Calculate z(w).
13
Let v(i) be the second derivative of -i**3/6 - i**2/2 + 11*i. Let t(u) = -5*u - 5. Let y(m) = t(m) - 4*v(m). Give y(-6).
5
Let k(s) be the second derivative of s**5/20 + s**4/3 - s**3/6 - s**2/2 - s. Let l(o) = o + 8. Let x be l(-4). Let p = x - 7. Give k(p).
11
Let d(q) = -q**2 - 4*q - 5. Let r(a) = -a**2 - 2*a + 10. Let v be r(3). Let w be (2/v)/(6/60). Calculate d(w).
-5
Let l(u) = 21*u**3 - u**2 + 2*u - 1. Let m be 6 - ((-1)/(-1) - 0)*5. Determine l(m).
21
Let x = 8427 - 8422. Let u(q) be the second derivative of -q**4/12 + 2*q**3/3 + q**2 - q. Determine u(x).
-3
Let i(q) = -4*q**2 + q**3 - q**2 - 5 - 2*q**2. Let j = 7647 - 7640. Determine i(j).
-5
Let j = 22 - 17. Let a(v) = 11*v + 6 - 12*v - 1. Give a(j).
0
Suppose -4*d = 34 + 2. Let t(i) = -i**2 - 11*i - 8. Give t(d).
10
Suppose 3*a = a - 2. Let k(b) = -b - 1. Let m(x) = x**2 + x + 9. Let o(f) = a*m(f) - k(f). What is o(0)?
-8
Let r(a) be the third derivative of -a**8/480 - 5*a**4/8 + 5*a**2. Let x(v) be the second derivative of r(v). What is x(1)?
-14
Let t(a) = 2*a**2 - 2 + 41*a**3 - 55 - 40*a**3 - a**2. Give t(0).
-57
Suppose s = -2*j + 8, -3*s - s - 33 = -5*j. Let x = s + 5. Let d = 4 - x. Let f(n) = -10*n**3 - n**2 + 1. Calculate f(d).
-10
Let a(f) = 2*f**3 - 9*f**2 + 9. Suppose 8*g = -56 + 88. Give a(g).
-7
Let v be (-5)/(-2) + 2/(-4). Let c = -4 - v. Let x(q) = 5*q**2 + 252 - 131 - 123 + q**3 - 6*q. Give x(c).
-2
Suppose 5*v = -k - 54 + 28, -34 = 3*v - 4*k. Let x(u) = -u**2 - 3*u + 3. Determine x(v).
-15
Suppose 4*u + 8 = 20. Let f be 6/(-15) - 12/(-5). Let p(z) = -3*z - 3*z**2 + 3*z**2 - 2*z**f + 3*z**2. Determine p(u).
0
Let z(v) = 5*v + 3 - v**2 - 3*v**2 - 2*v**2 - 4*v. Let h(a) = -7*a**2 + 2*a + 3. Let w(r) = -4*h(r) + 5*z(r). Give w(-3).
-6
Let t(i) = -6*i + 1. Suppose -3*z + 2*d + 21 = 1, -4*z - 4*d + 40 = 0. Suppose 0*y = -4*y + w - z, -5*w + 22 = -2*y. What is t(y)?
7
Let p(s) be the second derivative of -s**4/12 - 3*s**3/2 + 3*s**2 + 122*s. Let k(x) = x - 21. Let a be k(13). Calculate p(a).
14
Let p(h) = h**2 - 6*h + 3. Suppose -c - 19 = -4*c - u, -15 = 3*u. Let l = c + -1. Give p(l).
10
Suppose 5*d - 4*r = -r - 8, d - 3*r + 4 = 0. Let x(h) = -21*h**3 - 8*h**2 + 6*h - 7. Let z(u) = u**3 - 2*u**2 + u - 2. Let b(k) = x(k) - 4*z(k). Determine b(d).
24
Let d(j) = -4*j + 1. Let v(f) = 7*f - 2. Let y(m) = 5*d(m) + 3*v(m). Suppose 5*w = -2*a + 4 - 3, 3*w = 4*a + 11. Determine y(a).
-3
Let m(r) = -7*r - 6 + r**2 - 2 + 0*r. Let n(i) = -3*i - 18. Let x(l) = l + 6. Let v(f) = -6*n(f) - 17*x(f). Let t be v(0). What is m(t)?
-14
Let v(g) = g - 2. Let f(u) = -u + 2. Let c(x) = -3*f(x) - 2*v(x). Let j(k) = k**2 - 2*k + 89. Let a be j(0). Let w = -94 + a. Determine c(w).
-7
Let k(y) = 4 + y**2 + 0*y - y**3 + 3*y + 2*y**2. Suppose 91*n = 98*n - 21. What is k(n)?
13
Suppose 0 = -11*o + 8*o - 18. Let l(y) be the second derivative of -y**5/20 - y**4/2 + y**3/6 + y**2/2 - 2*y. Determine l(o).
-5
Let p be (6/(-3))/((-2)/5). Let x(l) = 2*l + 5. Let t be x(p). Let w = -10 + t. Let n(z) = -z + 1. Give n(w).
-4
Let q(h) be the first derivative of -h**3/6 + 5*h**2/2 - 5*h + 34. Let y(w) be the first derivative of q(w). What is y(3)?
2
Let i(w) be the second derivative of -w**3/6 - w**2/2 + 94*w - 1. Determine i(-13).
12
Let b(l) be the second derivative of -l**7/2520 - l**6/80 - l**5/120 - 23*l**4/12 - 2*l. Let t(a) be the third derivative of b(a). Give t(-6).
17
Let f(u) = 2*u - 5*u + 0*u. Let l = 34 - 13. Let m = 17 - l. Determine f(m).
12
Let f be (4/(-2) - 1) + -7 + 3. Let x(h) = -h**3 - 6*h**2 + 9*h + 7. Determine x(f).
-7
Let x(f) be the third derivative of 2/15*f**6 - 1/6*f**3 + 0 + 0*f + 15*f**2 + 0*f**4 + 1/60*f**5. Give x(-1).
-16
Let l(m) be the first derivative of 7*m + 1/4*m**4 + 25 - 4/3*m**3 - 3*m**2. What is l(5)?
2
Let n(u) be the first derivative of u**3/3 - 2*u**2 + 90. Determine n(4).
0
Let m(r) = r**2 + 3*r. Let z(n) = -5*n + 5. Let b(o) be the second derivative of -o**4/12 - 5*o**3/6 - o**2 - 14*o. Let f be b(-4). Let h be z(f). Give m(h).
10
Let l(n) be the second derivative of -n**4/12 + n**3/2 + 13*n**2/2 + 293*n + 2. Give l(6).
-5
Let l(a) be the third derivative of -a**6/120 + a**5/15 - a**4/6 + 2*a**3/3 + 4*a**2. Let g = 796 + -793. What is l(g)?
1
Let d(n) = -2*n + 7. Let r(q) be the third derivative of 1/12*q**5 - 1/8*q**4 + 0 + 0*q - 1/120*q**6 + 1/6*q**3 + q**2. Let f be r(4). Determine d(f).
-3
Let d(x) = -2 + 11*x**2 + 8*x - 12*x**2 + 8*x + 5 + 14. What is d(16)?
17
Let l be 90/(-8) + (-5)/(-20). Let a(r) = -r**2 - 11*r - 5. What is a(l)?
-5
Let d = 2 - 4. Let h be -4*(1 - (-3)/d). Let q(t) = 6*t**h - 2*t**3 + 3 - 134*t + 133*t + 3*t**3. Calculate q(-6).
9
Let u(x) = -22*x**2 + 7*x**2 - 1 - 2*x + 9*x + 6 + 16*x**2. What is u(-7)?
5
Let m(u) be the first derivative of -1/4*u**4 - 7 + 1/2*u**2 + 0*u + 2/3*u**3. Give m(3).
-6
Let m(q) = 5284*q**3 + 4*q**2 - 5283*q**3 + 8*q - 11 + 6*q**2. Determine m(-9).
-2
Let c(q) be the first derivative of -q**6/120 + q**5/12 + q**4/12 - 7*q**3/6 - 21*q**2/2 - 32. Let n(s) be the second derivative of c(s). Calculate n(5).
3
Let y(q) = 5*q**3 - 3*q - 1. Let g(a) = a**3 - 38*a - 39. Let s be g(-1). Determine y(s).
-35
Suppose 12*p + 63 = -33. Let s(w) = w**3 + 7*w**2 - 9*w + 1. What is s(p)?
9
Let p(b) be the first derivative of b**5/20 - 5*b**4/12 + 2*b**3/3 + b**2/2 - 24*b - 14. Let q(z) be the first derivative of p(z). Give q(4).
1
Suppose 0 = -2*v - 16 - 4. Let m be v - 8*(-3)/6. Let k(q) = q**3 + 6*q**2 + q - 8. Give k(m).
-14
Suppose -4*p = -3 - 17. Let b = -16 + 18. Let k(v) = -v**2 - 7 + b*v**2 - v + p*v. What is k(-6)?
5
Let v(a) = -4*a + 9. Let w(i) = 5*i - 9. Let d(b) = 4*v(b) + 3*w(b). Let y(s) = 2*s - 18. Let n(c) = 7*d(c) + 4*y(c). Determine n(4).
-5
Let p(z) = -2*z**2 - 18*z - 9. Let w be p(-4). Let h = -33 + w. Let i